59*g - 46482741. Give a(616).
3
Let q(g) = 10*g**3 - 68*g**2 - 27*g + 99. Give q(8).
651
Let t(o) = -73278*o - 73338. Give t(-1).
-60
Let a(b) = 4015*b - 160. Determine a(0).
-160
Let t(k) = -2*k**2 + 10391*k + 135415. Give t(-13).
-6
Let s(q) = -136*q**2 - 54162*q - 13533. Determine s(-398).
-1
Let s(u) = 43*u**2 - 11394*u - 210. Determine s(265).
55
Let f(a) = -a**3 + 87*a**2 + 784*a + 326. Give f(95).
2606
Let k(v) = 577*v**3 - 2*v**2 + 45*v - 44. Calculate k(1).
576
Let j(m) = m**3 - 16*m**2 - 11*m + 84. What is j(12)?
-624
Let a(s) = s**3 - 264*s**2 - 1104*s + 80861. Calculate a(267).
-40
Let p(j) = -1107*j - 211540. What is p(-191)?
-103
Let b(o) = 413*o**2 - 2780*o - 409. Calculate b(7).
368
Let d(y) = -26013*y - 104439. Give d(-4).
-387
Let q(b) = -156*b + 6317. What is q(53)?
-1951
Let v(p) = -22292*p + 66754. Give v(3).
-122
Let u(w) = 220*w**2 - 938*w - 938. Calculate u(-1).
220
Let x(v) = 3*v**2 - 504*v - 1044. Give x(169).
-537
Let o(p) = 50020*p - 950377. Determine o(19).
3
Let x(p) = 2*p**3 - 2636*p**2 - 5189*p - 120128. Give x(1320).
-8
Let w(u) = -8195*u + 41027. Calculate w(5).
52
Let l(m) = -m**2 - 66*m + 689. Determine l(-97).
-2318
Let b(w) = -604*w - 3380. What is b(-5)?
-360
Let c(t) = -2419947*t - 4839896. Give c(-2).
-2
Let d(v) = -v**2 - 576*v - 5625. Determine d(-10).
35
Let n(p) = -16558*p + 3228813. Give n(195).
3
Let s(q) = -594*q**2 - 2334*q + 183. Determine s(-4).
15
Let h(f) = 27*f**2 - 536*f + 1596. What is h(6)?
-648
Let r(i) = -i**2 - 3200*i - 3195. Calculate r(-1).
4
Let o(x) = -20696*x + 372528. Determine o(18).
0
Let x(v) = 9153*v - 448485. Give x(49).
12
Let i(j) = -8091*j**2 - 1658652*j + 604. Give i(-205).
-11
Let o(c) = 33*c + 4384. Give o(-132).
28
Let o(q) = -q**3 - 36*q**2 + 33*q - 85. Determine o(-37).
63
Let b(n) = -29*n**2 - 190*n + 583. Give b(-11).
-836
Let p(i) = 7*i**3 - 481*i**2 - 186*i + 1979. What is p(69)?
-1333
Let d(z) = z**3 - 48*z**2 - 404*z + 753. Give d(55).
-292
Let t(k) = 14*k**2 - 3016*k + 29921. Give t(205).
-9
Let c(s) = 13222*s + 8. What is c(0)?
8
Let g(x) = 1822*x + 12544. What is g(-7)?
-210
Let v(c) = 13*c**2 - 970*c - 786. Calculate v(75).
-411
Let h(w) = -2*w**3 - 83*w**2 + 52*w + 2302. What is h(-41)?
-1511
Let h(b) = -164*b - 1380. Calculate h(-12).
588
Let y(o) = o**3 + 414*o**2 - 4356*o - 49186. Give y(-424).
-2
Let l(u) = -u**3 - 5*u**2 - 42087*u - 84161. Give l(-2).
1
Let u(i) = i**3 - 33*i**2 - 144*i + 1332. Give u(36).
36
Let c(u) = 5*u**3 + 87*u**2 + 130*u + 1637. Give c(-17).
5
Let w(a) = 3*a**2 - 92*a - 36. What is w(25)?
-461
Let l(z) = -z**3 - 706*z**2 - 12261*z + 84619. Calculate l(-688).
-5
Let r(k) = -14*k**3 + 503*k**2 + 95*k - 2118. What is r(36)?
6
Let r(c) = 3769*c - 580422. Determine r(154).
4
Let g(u) = -970*u**2 + 3888*u - 74. Give g(4).
-42
Let r(i) = 3500*i + 500403. Determine r(-143).
-97
Let f(s) = -51*s**2 - 358*s - 356. Determine f(-1).
-49
Let g(j) = -984*j - 6. Calculate g(1).
-990
Let u(b) = 4*b**3 - 891*b**2 + 640*b + 5820. What is u(222)?
48
Let h(u) = -2*u**3 + 148*u**2 + 23145*u - 8391. Determine h(-77).
2
Let z(m) = -7*m**2 + 340354*m - 1701786. What is z(5)?
-191
Let h(q) = 494302*q + 7414525. Give h(-15).
-5
Let m(l) = -l**2 - 165*l + 16471. What is m(-235)?
21
Let r(l) = -58*l**3 + 6*l**2 + 6*l - 3. Give r(-3).
1599
Let v(l) = -3*l**3 - 83*l**2 - 194*l + 136. Determine v(-25).
-14
Let j(v) = 452*v + 209656. Calculate j(-464).
-72
Let i(t) = -t**2 - 360*t - 15995. What is i(-52)?
21
Let r(t) = 2*t**3 + 1470*t**2 + 2968*t + 26395. Determine r(-733).
7
Let v(j) = 384*j**2 + 4658*j + 57. Give v(-12).
-543
Let j(x) = 282*x + 49207. Give j(-174).
139
Let i(w) = 10*w**2 + 27411*w - 468857. Give i(17).
20
Let s(d) = 15753*d**2 + 15760*d - 3. Calculate s(-1).
-10
Let m(o) = o**3 + 33*o**2 - 1733*o - 15474. Determine m(-8).
-10
Let m(p) = 20*p**2 + 643*p - 6203. What is m(9)?
1204
Let b(j) = 7615*j + 781. Determine b(0).
781
Let d(q) = -q**3 - 73*q**2 - 122*q + 1370. Calculate d(-71).
-50
Let c(x) = -x**3 + 89*x**2 - 981*x + 32. Give c(76).
564
Let j(n) = -n**2 - 1104*n + 25922. Determine j(23).
1
Let g(z) = -z**3 + 50*z**2 - 533*z + 86. Determine g(35).
-194
Let t(a) = a**3 + 433*a**2 - 23608*a + 4742. What is t(-482)?
-78
Let i(u) = -5*u**2 + 524*u - 5971. Give i(13).
-4
Let n(j) = -1009328*j - 2018634. Calculate n(-2).
22
Let q(n) = -16*n**3 - 684*n**2 + 1091*n + 9282. Calculate q(-44).
-2
Let q(k) = -2510*k + 115748. Determine q(46).
288
Let c(i) = 40*i + 575. Calculate c(-9).
215
Let d(p) = 3*p**3 + 345*p**2 + 6555*p + 286. What is d(-91)?
13
Let c(i) = -11*i**2 + 337*i + 13870. Determine c(54).
-8
Let k(t) = -12642*t + 10703. Determine k(1).
-1939
Let r(i) = 2*i**2 - 23*i - 344. What is r(19)?
-59
Let i(u) = 2*u**3 + 5*u**2 + 6*u + 84. Determine i(6).
732
Let k(h) = 8*h**2 + 983*h - 369639. What is k(-285)?
6
Let d(q) = 9799*q + 39345. Determine d(-4).
149
Let n(p) = 45*p**2 + 354*p + 641. What is n(-3)?
-16
Let t(z) = 30101*z - 812721. Determine t(27).
6
Let w(q) = -682*q - 7499. Determine w(-11).
3
Let f(d) = -2*d**3 + 80*d**2 + 175*d - 7. Give f(42).
287
Let f(m) = 10*m**2 - 286*m + 1858. Give f(11).
-78
Let h(q) = -303*q**2 - 148*q + 992. What is h(-2)?
76
Let a(l) = 19560*l + 117332. Give a(-6).
-28
Let p(g) = -237524*g - 2612498. Determine p(-11).
266
Let p(u) = 32333*u + 32425. Give p(-1).
92
Let c(i) = i**2 - 2976*i - 47878. Determine c(-16).
-6
Let a(x) = 2496306*x + 6. Calculate a(0).
6
Let k(w) = 10256*w - 102980. Calculate k(10).
-420
Let i(d) = 3*d**2 + 3284*d + 111268. Determine i(-35).
3
Let k(q) = 8*q**2 - 330*q + 2066. Calculate k(34).
94
Let p(n) = -2*n**3 + 47*n**2 - 461*n + 1905. Determine p(10).
-5
Let d(q) = -57525*q - 115055. Give d(-2).
-5
Let c(w) = 28*w**3 - 169*w**2 + 136*w + 11. What is c(5)?
-34
Let i(q) = q**2 - 490*q - 76880. Give i(-125).
-5
Let b(f) = f**3 + 12*f**2 - 111*f - 365. Give b(9).
337
Let w(u) = 241*u - 31260. Calculate w(134).
1034
Let f(h) = 36*h**3 + 1203*h**2 + 505*h + 405. Give f(-33).
75
Let f(q) = q**3 + 137*q**2 - 5010*q + 402. What is f(-167)?
402
Let k(x) = -x**2 - 152*x + 610. What is k(4)?
-14
Let u(j) = 4*j**2 + 44*j + 363. What is u(-6)?
243
Let f(k) = k**3 + 401*k**2 + 39143*k + 511. What is f(-233)?
744
Let h(p) = 4*p**3 - 95*p**2 - 1177*p + 28654. Give h(23).
-4
Let h(v) = 138*v - 5696. Calculate h(39).
-314
Let f(r) = -4430*r**2 + 389841*r - 98. Calculate f(88).
-10
Let b(y) = -1036*y + 2813. Determine b(4).
-1331
Let v(l) = -2*l**3 + 8668*l**2 + 34751*l + 182. Calculate v(-4).
-6
Let s(y) = -1900*y - 16264. What is s(-10)?
2736
Let d(y) = y**2 - 3000*y - 23891. Calculate d(-8).
173
Let z(r) = r**2 + 3841*r - 281690. Determine z(72).
46
Let n(a) = 200*a**2 - 23007*a + 515. Give n(115).
-290
Let j(z) = 198*z - 5583. Determine j(29).
159
Let a(z) = 38*z**3 + 24237*z**2 - 24232*z - 2. Calculate a(1).
41
Let x(n) = -3*n**2 + 669*n + 85709. What is x(314)?
-13
Let m(s) = -2*s**2 - 983*s - 89665. What is m(-121)?
-4
Let o(x) = 7230438*x - 21691320. Calculate o(3).
-6
Let q(v) = -5*v**2 + 750*v + 5502. Calculate q(157).
7
Let p(l) = -3*l**2 + 61160*l - 183489. What is p(3)?
-36
Let w(o) = -70*o**2 + 1618*o - 180. Determine w(23).
4
Let i(s) = 2*s**3 - 26*s**2 + 8*s + 93. Calculate i(14).
597
Let r(p) = -p**2 + 1463*p - 13106. Calculate r(9).
-20
Let g(p) = -9801*p - 127312. Determine g(-13).
101
Let h(f) = 36*f**3 + 3*f**2 + 339*f - 1357. Give h(4).
2351
Let s(k) = 535*k + 5387. Calculate s(-10).
37
Let u(a) = -60*a**2 + 1604*a - 11529. Calculate u(7).
-3241
Let j(f) = 18*f**2 - 5*f - 626. What is j(6)?
-8
Let n(o) = 38*o**2 + 611*o + 2417. What is n(-8)?
-39
Let y(k) = -2*k**3 - 12*k**2 + 56*k + 313. What is y(6)?
-215
Let q(w) = -45*w + 1074. Determine q(12).
534
Let n(i) = -67*i**2 + 297*i - 100. Give n(11).
-4940
Let j(c) = 7*c**3 - 113*c**2 + 2*c + 13. Give j(16).
-211
Let r(t) = -2*t**3 + 179*t**2 - 3785*t - 565. Calculate r(55).
-15
Let a(f) = -11*f**2 - 191*f + 3287. Give a(-37).
-4705
Let b(u) = -343*u**2 + 2791*u + 10. Give b(8).
386
Let g(h) = 363*h - 17739. What is g(46)?
-1041
Let k(f) = -14*f**2 - 15053*f - 15054. Determine k(-1).
-15
Let a(p) = -2*p**2 + 63*p - 289. Calculate a(34).
-459
Let i(z) = 12*z**3 + 245*z**2 + 121*z + 362. Calculate i(-20).
-58
Let p(d